 l*y. Suppose y = w - 4*t - 230, t = 3*w - 0*t - 712. What is the hundreds digit of w?
2
Suppose -2*l - 2*k = 152, k + 3*k + 16 = 0. Let x = -51 - l. Suppose -2*h = -263 + x. What is the tens digit of h?
2
Let f = 478 + -475. Let n(c) = 250*c - 8. What is the units digit of n(f)?
2
What is the units digit of (2021 - -1)*(-3 - 52/(-12))?
6
Suppose 0 = 18*y - 131758 - 5438. What is the units digit of y?
2
Suppose -3*i + 49 = -2*i. Suppose 4*a - 3*y = 17, -2*y - 2*y = 2*a - 14. Let d = i + a. What is the units digit of d?
4
Let g(v) = 2*v**2 - 6*v + 12. Let x be g(3). Suppose -4*u + 0*u + x = 3*w, -w - u + 3 = 0. Suppose w = -12*l + 343 + 617. What is the units digit of l?
0
Suppose -122*p = -50*p - 68*p - 23316. What is the tens digit of p?
2
Suppose -516*a + 602*a = 190834. What is the tens digit of a?
1
Suppose -2*v + 12 = 0, w + w + 3*v - 8964 = 0. What is the hundreds digit of w?
4
Suppose 3*h = -3*l - 0*h - 54, 2 = h. What is the units digit of -28*(-1 - l/28)?
8
Let m = 139 + 45. Suppose 4*f - 3*f - m = 0. Let a = -110 + f. What is the tens digit of a?
7
What is the ten thousands digit of -9 - -19 - (15 + -12156)?
1
Let x(v) = v**3 + 28*v**2 - 60*v + 4. Let w be x(-30). Suppose y = -2*f + 1329, -5*f - 675 = -6*f - w*y. What is the hundreds digit of f?
6
Suppose 7*v = 32*v + 950. Let f(l) = 17*l + 1. Let z be f(3). Let y = z - v. What is the tens digit of y?
9
Let d(y) = 15*y**3 - 2*y**2 + 6*y + 1. Let m be d(3). Let c be m/70 - (-1)/5. What is the tens digit of (-4)/c + 897/9 + 0?
9
Let g(v) = 14*v + 3763. What is the units digit of g(39)?
9
Let h = 64853 - 47672. What is the units digit of h?
1
Let g = 58 + -63. Let u be -3 - (g + 2 - 0) - 2. What is the tens digit of u*(-48 - (3 - 2))?
9
Let t be (-24)/(-84) - (-2)/(-7). Let y = 198 + -118. Suppose 126*r - 125*r - y = t. What is the tens digit of r?
8
Let z(a) = 84*a**2 + 7*a. Let r(t) = 84*t**2 + 8*t. Suppose -22 - 1 = -5*x - 4*v, 3*v = x - 16. Let u(l) = x*z(l) - 6*r(l). What is the units digit of u(-1)?
3
Suppose -11 = 3*l - 4*i, 2*l - 1 = 5*i - 20. Suppose l*c - 7*c = -24. Suppose -28 = -c*z + 2*z. What is the units digit of z?
7
Suppose -58*r + 33792 = -47*r. Suppose 0 = -s - 7*s + r. What is the hundreds digit of s?
3
Let h = 608 - 585. Suppose -27493 = -h*j + 4*j. What is the thousands digit of j?
1
Let v = 1001 + -865. Suppose 0 = 137*n - v*n - 2009. What is the tens digit of n?
0
Let m(o) = 2*o**2 - 155*o - 2300. What is the units digit of m(189)?
7
Let a be (72/(-21))/((-10)/35). Let j be (52/(-3))/((-4)/a). What is the tens digit of (4 + j/(-16))/(2/200)?
7
Let p be 78/(-4)*138/(-9). Suppose 590 = 3*s - 5*i, 6*i = -5*s + i + 930. Let n = p - s. What is the units digit of n?
9
Let v be ((-45)/(-120))/((-2)/(-16)). What is the hundreds digit of (-3182)/(-6) - v/9?
5
Let v(s) = -6*s**2 + 30*s + 3. Let j be v(5). Suppose -2*h = 2*u + 14, -j*h = -u - 1 + 42. What is the units digit of (-3 - 3)/h + 211/2?
6
Let v be ((-12)/(-10))/((-7)/35). Let f be (4/12 - 3)/(4/v). Let q(c) = 5*c**2 - 5*c - 8. What is the tens digit of q(f)?
5
Suppose 4*o = 132 + 3956. Let t = 144 + o. What is the tens digit of t?
6
Let q be (84/35 - 2)/(2/40). Let c(m) be the second derivative of 11*m**3/6 + 2*m**2 - 27*m. What is the tens digit of c(q)?
9
Let h(n) be the first derivative of 0*n - 19 + 1/2*n**2. What is the units digit of h(2)?
2
Let r = 3854 + -658. Let v = r - 2034. What is the hundreds digit of v?
1
Let g(w) = w**2 - 22*w - 3. Suppose 18 = t - 3*x - 5, -4*t - 4*x = -140. What is the tens digit of g(t)?
1
Let l(n) = -n**3 + n**2 + 323. Let c be l(0). Let h = c - 85. What is the units digit of h?
8
Suppose -4*r - 8 = -2*h + 3*h, 32 = 5*h - 4*r. Suppose -h*j + 499 = -417. What is the hundreds digit of j?
2
Let w = -63 - -76. Suppose -w*t + 22*t = 648. Let h = 38 + t. What is the tens digit of h?
1
Suppose 57*a - 3534 = -34*a + 29*a. Let m = 3 + 0. Suppose 99 = m*w - a. What is the units digit of w?
2
Let h = -6541 - -9888. What is the hundreds digit of h?
3
Let p(g) = -188*g**3 + 3*g + 6. Let w(t) = -t**3 - t**2 + 8*t + 4. Let r be w(-3). What is the units digit of p(r)?
4
Let t(c) = 121*c**2 - c - 1. Let o be t(-1). Let g(w) = -w**3 + 10*w**2 + 198*w + 29. Let k be g(20). Let m = k + o. What is the hundreds digit of m?
1
Let x(t) = 2*t**2 - 14*t - 1. Let r be x(6). Let b = 62 - r. What is the hundreds digit of ((-16)/6)/((-2)/b)?
1
Let v be (2/4)/(((-38)/(-12))/19). What is the hundreds digit of 1406/v - (7 - (-133)/(-21))?
4
Let d be 7/(21/(-34))*69/2. Let b = d - -581. Suppose -2*w = 3*m - b, -2*m - m - 5*w + 205 = 0. What is the tens digit of m?
6
Let u(d) = -d + 9. Let m be u(22). Let o = m - -16. Suppose 1610 - 610 = 5*q + 5*j, 0 = -4*q + o*j + 786. What is the hundreds digit of q?
1
What is the units digit of 8706*1/2 + -13?
0
Suppose 2*z - 12 - 7 = -3*r, -r = -5*z + 22. Suppose 466 = m - u, -5*m - r*u = -2054 - 268. What is the tens digit of m?
6
Let d(y) = -2 + 3*y**3 + 3 - 4*y**3 + 11*y**2 - 4 + 14*y. Let j be d(12). Suppose -3*q + j = -27. What is the tens digit of q?
1
Let k = -734 - -1344. Let l = k - 350. What is the tens digit of l?
6
Suppose 5*t + 75135 = 5*k, -39*k + 42*k + 5*t - 45057 = 0. What is the ten thousands digit of k?
1
Suppose 2*w - 2 = 2*p, -4*p + w - 3*w = -14. Let n(x) be the second derivative of 2*x**5/5 - x**4/3 + x**3/6 + x**2 - x. What is the units digit of n(p)?
2
Let p = 9548 + -6596. What is the tens digit of p?
5
Let a(g) = 1 + 4*g + 163*g**2 + 2 - 35*g**2 + 1. Let u be a(-1). Suppose -2*y - 4*c = -u, 2*y = c + 2*c + 128. What is the tens digit of y?
6
Let h(w) = 720 - 2174 + 727 - 168*w + 679. What is the tens digit of h(-7)?
2
Suppose 3*s = 6*s + 2*r - 14, 2*s - 4*r + 12 = 0. Suppose -s*t + 4*v = -242, -3*t + 112 = -2*t - 5*v. What is the units digit of t?
7
Suppose -135 = -17*a + 14*a. Let w = a + -44. Let n = 19 - w. What is the tens digit of n?
1
Suppose 8*m = -15*m + 10327. Suppose -g - 3*k + m = 0, -3*k = 2*g + k - 906. What is the hundreds digit of g?
4
Let l(v) = v**3 - v**2 + 4*v - 9. Let u be l(3). What is the units digit of (-3)/(u/(-2884)) - -6?
8
Let c(u) = -u + 11. Let g = 35 + -28. Let r be c(g). Suppose -r*t + 16 = -244. What is the units digit of t?
5
What is the tens digit of (4 + -1 + (7 - 963))/(6/(-18))?
5
Let p(t) be the second derivative of -t**5/20 + 8*t**4/3 - 9*t**3/2 - t**2 - 132*t. What is the tens digit of p(31)?
2
Suppose 25*n = 20*n + 14365. Suppose 4*s - 1215 = n. What is the units digit of s?
2
What is the thousands digit of (-3)/(36/(-545591)) - (0 + 15/(-180))?
5
Suppose 4*y - 2 = 2, -4*x - 5*y + 77 = 0. Suppose -x*d = -13*d - 60. What is the units digit of ((-6)/(-4))/(d/88)?
1
Let n = 13036 - 2587. What is the tens digit of n?
4
Suppose -2*j + 24 = 24. Suppose j = n - 0*n - 3*f + 489, 3*n + 5*f + 1397 = 0. What is the hundreds digit of (-1)/(4 + 1898/n)?
2
What is the units digit of -6826*((-77)/22)/7?
3
Suppose 4*k = -z - 45, 4*z = -3*k - 20 - 4. Let v be 313 - (k/(-3))/(-1). Suppose 5*p - 291 = -2*r, 4*p - v + 1127 = 5*r. What is the hundreds digit of r?
1
Suppose -14*p + 99352 = -29644. What is the thousands digit of p?
9
Suppose -f + i + 4500 = 0, -20*i = 5*f - 16*i - 22464. What is the units digit of f?
6
Let t = -1435 - -1436. Let s(y) = 0*y**2 - 5*y**2 + 126*y**3 + 3*y**2. What is the tens digit of s(t)?
2
Let j(q) = q**2 + 5*q + 6. Let w(f) = -f**2 - 5*f - 7. Let u(z) = -3*j(z) - 4*w(z). Suppose -6*x - 75 = -3. What is the units digit of u(x)?
4
What is the units digit of -12 - (61956/(-9) + 8)?
4
Let i(g) = -142*g - 222 + 110 + 53. What is the hundreds digit of i(-10)?
3
Let b = -713 - -858. What is the tens digit of ((-116)/b)/(3/(-1140))?
0
Let z(m) = -327*m - 1. Let x be -5*(-9)/((-180)/8). What is the hundreds digit of z(x)?
6
Let h(m) = -m - 9. Let s be h(-12). Suppose 5*o = 2*c + 676, 0 = s*o + 2*c - 327 - 85. Let t = o + -51. What is the tens digit of t?
8
Suppose -w = -v - 209 - 698, 0 = -2*w + 3*v + 1810. What is the units digit of w?
1
Suppose 3*x - 17*x = -28784. Suppose -5*u = 2*f - x, -u + 296 = 2*f - 112. What is the units digit of u?
2
Let w be 10/(-3 + -3 - -2 - -2). Let u be -5*w/25 + (5 - 2). What is the tens digit of 345/7 - u*3/42?
4
Let b(d) be the third derivative of -d**6/60 - d**5/5 